ors of ((-36)/30)/(j/470)?
3, 47
Let o(d) = 12*d**2 - 17*d + 16. Let x(n) = -n**2 + 50. Let y be x(0). Let k be y/(-175) + (-37)/(-7). List the prime factors of o(k).
3, 7, 11
Suppose 2*j - 3 = -t, -t - 4 = -3*j + 13. Let q(d) = -2*d + 13. Let u be q(j). Suppose 0 = u*h - 205. What are the prime factors of h?
41
Let t = 27 + -24. Suppose t*j - j = 2. Let i(k) = 88*k + 1. What are the prime factors of i(j)?
89
Let d(v) = -16 + 9*v + 5*v - 18*v + 8*v. Let p be (0 - -3) + 2/4*30. List the prime factors of d(p).
2, 7
List the prime factors of (15 + (-207)/15)*65135.
2, 3, 7, 1861
Let k(h) = h**2 - 14*h + 78. Let o(a) = -a**3 - 2*a**2 + 16*a + 5. Let i be o(-5). What are the prime factors of k(i)?
2, 3, 13
Let v be -31 - (-1 + 0 + 0). Suppose -5*y - a - 52 = 0, a - 10 = 2*y - 4*a. Let m = y - v. List the prime factors of m.
2, 5
Let s(t) = -59 + 19*t**2 - 76*t + 39 + t**3 - 33. List the prime factors of s(-22).
167
Suppose -d = -2*d + 10*d - 84240. List the prime factors of d.
2, 3, 5, 13
Let k(p) = p**3 + 29*p**2 - 59*p - 21. Let c = -460 + 430. What are the prime factors of k(c)?
3, 283
Let y be 5/(-3) + 11/(-33) + -105. Let r = y + 200. List the prime factors of r.
3, 31
Suppose 11*f - 4*v = 6*f + 28700, 0 = f + 2*v - 5754. List the prime factors of f.
2, 359
Suppose 15842 = 17*h - 21524. Suppose 15*m + 758 - h = 0. What are the prime factors of m?
2, 3
Let l(z) = -z**3 - 6*z**2 - 3*z - 6. Let q be l(-8). What are the prime factors of (-3 - (0 + q))*-2?
2, 149
Let p(x) = x**3 - 23*x**2 + 3*x + 38. Let d be p(23). Let z = d + -39. What are the prime factors of z?
2, 17
Let v be 36/18*(-2)/(1 - 2). Suppose v*t - u = 713 + 868, t = 2*u + 404. List the prime factors of t.
2, 197
Let t be 12*(-2)/36*-6. Suppose -4*i + t*z = -i - 1628, -4*z = -2*i + 1092. List the prime factors of i.
2, 67
Suppose -4*s = -x + 14931 + 4074, -3*x + s = -57059. List the prime factors of x.
23, 827
List the prime factors of 96/12 + -12 + 24940.
2, 3, 1039
Let h be 3/(-21) - 5013/(-7). Suppose 0 = 11*u - 3708 + h. List the prime factors of u.
2, 17
Let s(f) = f + 0*f + f**3 + 5 + 11*f**2 + 2 + 1. Let w be s(-11). Let t(q) = 11*q**2 - q + 7. List the prime factors of t(w).
109
Let w be 10/(-45) + 534/(-27). Let m = -10 - w. Suppose -m = -5*c + 255. List the prime factors of c.
53
Let u = -48 + -502. Let q = 1355 + u. What are the prime factors of q?
5, 7, 23
Let d = -111 - -119. Suppose -2*n - d = 0, -14*n + 16 = 2*o - 15*n. What are the prime factors of o?
2, 3
Let i = 23 - 22. Let w be 50/(-4) + ((-3)/(-2) - i). What are the prime factors of ((-18)/(-4))/((-6)/w)?
3
Suppose 3360 = -2*a + 7*a. Let y = -330 + a. Suppose 7*r = 4*r + y. What are the prime factors of r?
2, 3, 19
Let n(x) = 8467*x**2 + 85*x - 86. List the prime factors of n(1).
2, 3, 17, 83
Let x(p) = 9*p**3 - 4460*p**2 - 1 + 4460*p**2. Let i = -3 - -4. What are the prime factors of x(i)?
2
Let u be 8*(-21)/24*-4. Suppose 3*g - 5*w - u = 0, 4*g + w = -4*w + 84. Suppose -16*o + 17*o = g. What are the prime factors of o?
2
Suppose -216603 = -454*j + 160*j + 346113. What are the prime factors of j?
2, 3, 11, 29
Suppose -13831*b + 13842*b - 41998 = 0. List the prime factors of b.
2, 23, 83
Suppose -w = 6, -12*h - 471*w = -476*w - 249006. What are the prime factors of h?
2, 3, 7, 13, 19
Let o be (-12)/(-10)*10*9/(-36). List the prime factors of 30*(o + 0 + 6).
2, 3, 5
What are the prime factors of (-39 + 42)*((-3 - -5) + 1551)?
3, 1553
Suppose -3*n - 23167 = 16*j - 20*j, -5 = n. What are the prime factors of j?
2, 1447
Suppose -4*v + a + 20 = 0, 15 = 6*v - 3*v + 4*a. Let s(p) = -2*p**2 + p**2 + p**3 + 2 + 5*p - 14. List the prime factors of s(v).
113
Let z(s) be the third derivative of s**6/120 + s**5/60 + s**4/6 - 5*s**3/6 + 47*s**2. List the prime factors of z(9).
29
Let p(k) = 3*k - 6. Let f be p(-3). Let v be (-1)/((-3)/15*f/(-6)). Suppose 156 = v*b + 4*r, 3*r = -b - b + 159. List the prime factors of b.
2, 3, 7
Let r be 9/(-18) - (-21)/6. Let m be 3/(-1) + -1 + r - -22. Let a = m - -91. What are the prime factors of a?
2, 7
Suppose -5*l = 3*r - 81531, 4*r = 4*l - 43045 + 151849. What are the prime factors of r?
2, 3, 11, 103
Suppose 0 = -a + 3*a - 4. Suppose 2*z + 594 = d + a*d, 0 = -3*z. Suppose -u - d = -4*v + 2*v, -u = 4*v - 390. List the prime factors of v.
2, 7
Suppose 34*j - 3*j - 2108 = 0. Suppose -x + 2*x - 2*a - j = 0, 0 = 5*x + a - 340. List the prime factors of x.
2, 17
List the prime factors of (1265 - 0)*(-14 - -19) + -4.
3, 7, 43
Let f be 12/(-20) + (-2004)/10. Let u = 337 + f. Suppose -6*j = -4*j + 3*d - 76, 4*j - 2*d = u. List the prime factors of j.
5, 7
Let r(z) be the second derivative of 5*z**4/12 - 2*z**3/3 + 9*z**2/2 + 2*z - 10. Let s = -10 + 14. What are the prime factors of r(s)?
73
Let x be 2 + 1*(-5 + 0/3). List the prime factors of 27/x + 155 - 2*-3.
2, 19
Let k(s) = -124*s - 359. List the prime factors of k(-4).
137
Suppose 8*u - 846 = 4162. Suppose -u - 292 = -6*t. List the prime factors of t.
3, 17
Let b(q) = q**3 + q - 4. Let y be b(2). List the prime factors of (y + 111/(-12))/(1/(-184)).
2, 13, 23
Suppose -16*r - 72*r + 1661952 = 8*r. List the prime factors of r.
2, 541
Suppose -93 = 2*j - 103. Suppose -j*r = -r - 3*d - 32, 0 = r - 5*d - 8. List the prime factors of (4/(-3))/((-9)/(1188/r)).
2, 11
Suppose -2*x = -4*x + 2*h + 60, -4*x + 2*h + 128 = 0. Let n = -23 + x. List the prime factors of (-22)/n - (-186)/2.
7, 13
Suppose 0 = 17*x + 21 - 89. Suppose q + 1 = -x*b + 9, 5*q = 4*b + 16. Suppose 4*o + q*t = 225 + 115, -2*t = -2. What are the prime factors of o?
2, 3, 7
Let i(q) = -2910*q + 214. List the prime factors of i(-1).
2, 11, 71
Let c(x) = -40*x - 7. Suppose 5*r = 239 + 11. Let l = 47 - r. What are the prime factors of c(l)?
113
Suppose 164 = 3*n - 334. Let a = n + -117. List the prime factors of a.
7
Suppose 0 = 8*s + 5*x - 81414, 25*x - 30*x + 50880 = 5*s. What are the prime factors of s?
2, 7, 727
Suppose 3*m - 1683 = 3*g, 9*m - 11*m - 5*g = -1136. Let q = 55 + m. What are the prime factors of q?
2, 3, 103
Let v(m) = -2*m**2 + 39*m - 21. Suppose -9*y = -7*y - 5*d - 51, -5*y - 4*d = -78. List the prime factors of v(y).
3, 11
Let u(l) = 4*l**2 + 5*l + 29. Let v be u(-21). Suppose -3*o + v = -1114. What are the prime factors of o?
2, 467
Let t be (2/11 + 70/(-22))/(-1). List the prime factors of ((-49)/28 - t)*-116.
19, 29
What are the prime factors of 8/(208/(-429))*-2078?
3, 11, 1039
Let k(y) = -10*y - 81. Suppose v - 2 = 0, 3*z + 4*v = 6*v - 67. Let p be 384/z + -2 + 2/7. List the prime factors of k(p).
7, 17
What are the prime factors of (20/(-75) + 4/(-30))/(3/(-63150))?
2, 5, 421
Suppose -3*r - 6 = -3*z, -3*z - 2*r - 3 = -6*z. Let i(a) = -167*a**3 + 1. Let g be i(z). What are the prime factors of 48/g + 0 + (-948)/(-14)?
2, 17
Suppose -3*h - 18 = -n, 2*n = n + 2*h + 14. Suppose 0 = 9*y - n*y - g - 1941, 5*y + 4*g - 3218 = 0. What are the prime factors of y?
2, 17, 19
Suppose -5*k = h - 3072, 7*h - k = 2*h + 15308. Suppose -10*q = 492 - h. Suppose -3*d = -2*u + q, 116 = u - 2*d + 3*d. List the prime factors of u.
11
Let r(t) = -t + 22. Let y = -51 + 23. Let z be 39/(-7) - (0 + (-12)/y). What are the prime factors of r(z)?
2, 7
Let z(p) = 7 + p**3 + 12*p - 2*p**2 - 7*p - 4*p - p**2. Let x be z(5). Suppose 2*a = x + 44. What are the prime factors of a?
53
Suppose -5*f - 3*y = -12 - 7, 0 = 4*f - y - 5. List the prime factors of 0/f + -4 + 2 - -879.
877
Suppose -305*o + 18798842 + 1295168 = 0. List the prime factors of o.
2, 32941
Let k = -1012 + 1044. Let v(s) = -s**2 + 48*s - 153. What are the prime factors of v(k)?
359
What are the prime factors of (-43)/(-344) - 39/(-8) - -244?
3, 83
Let x be 4 + (-2)/1 + 2. Suppose -3*k - x*k + 70 = 0. Suppose -15*g + 475 = -k*g. List the prime factors of g.
5, 19
Suppose -5*x = 3*x. Suppose x = -3*d + 3*i - 42, 3*d + 5*i - 3*i = -32. What are the prime factors of (-5 + (-64)/d)/((-2)/(-678))?
113
Let f = 5934 - -2378. List the prime factors of f.
2, 1039
List the prime factors of ((-17)/(-2))/((-41)/(-112258)).
17, 37
Suppose 4*d = -g + 24928, -3*g + 31153 = -70*d + 75*d. List the prime factors of d.
23, 271
Let q = -123 - -222. Let v(d) = -11*d - 230. Let f be v(-21). List the prime factors of f + 0 + q + 5.
3, 5, 7
Suppose -